r of 448 and 19586.
14
What is the greatest common divisor of 60 and 240740?
20
What is the greatest common divisor of 17 and 341071?
17
What is the highest common factor of 14663 and 77?
11
What is the greatest common factor of 1344 and 76944?
336
Calculate the greatest common factor of 125270 and 80.
10
What is the greatest common factor of 36540 and 274340?
580
What is the greatest common factor of 484 and 2372?
4
What is the highest common divisor of 3152 and 3824?
16
Calculate the greatest common factor of 2245 and 340791.
449
What is the highest common divisor of 46352 and 6?
2
What is the highest common factor of 110963 and 111?
37
Calculate the highest common factor of 729 and 255798.
81
Calculate the greatest common factor of 477 and 2079.
9
Calculate the greatest common divisor of 140672 and 296.
8
What is the greatest common divisor of 61 and 349?
1
Calculate the greatest common factor of 2627 and 2479.
37
Calculate the greatest common divisor of 8510 and 16798.
74
Calculate the highest common factor of 18 and 495162.
18
Calculate the highest common divisor of 99828 and 4779.
531
What is the greatest common factor of 197358 and 3048?
762
Calculate the highest common factor of 46 and 2916.
2
Calculate the greatest common factor of 128 and 131968.
128
Calculate the highest common divisor of 620 and 1625020.
620
What is the highest common divisor of 120 and 24760?
40
Calculate the highest common divisor of 243408 and 2904.
264
What is the highest common factor of 11312 and 15568?
112
Calculate the highest common divisor of 204 and 1124142.
102
Calculate the highest common divisor of 404 and 3535.
101
What is the greatest common divisor of 171 and 399?
57
Calculate the greatest common divisor of 1152 and 1078080.
192
What is the highest common factor of 293 and 3516586?
293
Calculate the highest common divisor of 1431 and 12561.
159
What is the highest common factor of 146762 and 770?
154
What is the highest common factor of 1679 and 12880?
23
What is the highest common factor of 1006 and 168505?
503
What is the greatest common divisor of 1348107 and 171?
57
What is the highest common divisor of 2846 and 1578107?
1423
Calculate the greatest common factor of 1386 and 145002.
66
Calculate the greatest common divisor of 14700 and 2.
2
Calculate the highest common divisor of 1298 and 22774.
118
Calculate the greatest common factor of 5 and 37075.
5
What is the greatest common divisor of 24 and 9762?
6
What is the greatest common factor of 150 and 1879230?
30
Calculate the greatest common factor of 5 and 6731575.
5
Calculate the greatest common factor of 262 and 631682.
262
Calculate the greatest common factor of 11 and 1249.
1
What is the greatest common factor of 10119 and 249?
3
What is the highest common divisor of 82 and 1909657?
41
What is the greatest common factor of 960 and 224544?
96
Calculate the greatest common factor of 117056 and 3068.
236
What is the highest common factor of 969 and 2015843?
323
What is the highest common factor of 1075 and 900?
25
Calculate the greatest common factor of 50509 and 1325.
53
Calculate the highest common factor of 66731 and 1099.
7
Calculate the highest common divisor of 6246 and 45.
9
What is the greatest common divisor of 1155 and 7385?
35
Calculate the highest common factor of 318509 and 7327.
431
What is the highest common factor of 1674009 and 69?
69
What is the greatest common divisor of 438 and 3487794?
438
Calculate the highest common factor of 915 and 25071.
183
What is the highest common divisor of 74288 and 8?
8
What is the greatest common factor of 7038 and 70584?
102
Calculate the highest common divisor of 2048 and 23456.
32
Calculate the highest common divisor of 189121 and 4990.
499
Calculate the greatest common factor of 155817 and 72.
9
Calculate the greatest common factor of 948 and 348.
12
Calculate the greatest common factor of 26057337 and 2643.
2643
Calculate the highest common divisor of 97 and 181099.
97
What is the greatest common factor of 48296 and 16?
8
Calculate the greatest common divisor of 204 and 382262.
34
What is the highest common factor of 364 and 22412?
52
Calculate the greatest common divisor of 910 and 4875.
65
Calculate the highest common divisor of 3830 and 2130.
10
Calculate the greatest common divisor of 403835 and 85.
85
What is the greatest common factor of 36 and 167850?
18
Calculate the greatest common divisor of 690 and 1224520.
230
What is the greatest common divisor of 647 and 332558?
647
Calculate the greatest common factor of 76 and 367327.
19
Calculate the highest common divisor of 58 and 19256.
58
Calculate the greatest common divisor of 56506 and 209.
19
Calculate the highest common divisor of 18118 and 4.
2
What is the highest common divisor of 1805 and 545?
5
Calculate the highest common divisor of 6233 and 233060.
271
What is the greatest common factor of 110385 and 935?
55
Calculate the highest common factor of 248 and 356593.
31
Calculate the greatest common factor of 1488 and 447.
3
Calculate the highest common divisor of 10335 and 1053.
39
Calculate the greatest common factor of 1249915 and 590.
295
Calculate the greatest common divisor of 495462 and 66.
66
Calculate the highest common divisor of 1973411 and 1309.
187
What is the greatest common divisor of 154283 and 53?
53
Calculate the highest common divisor of 1135 and 1362.
227
Calculate the highest common factor of 22211 and 334.
167
Calculate the highest common divisor of 14265 and 20.
5
What is the greatest common divisor of 33 and 643808?
11
Calculate the greatest common factor of 13986 and 350.
14
Calculate the greatest common factor of 539 and 491183.
77
What is the highest common factor of 45120 and 105045?
705
Calculate the greatest common divisor of 26 and 8784.
2
What is the greatest common divisor of 353558 and 4?
2
Calculate the highest common divisor of 728 and 92456.
728
What is the greatest common divisor of 471638 and 138?
46
Calculate the highest common divisor of 2681489 and 19.
19
What is the greatest common divisor of 513072 and 1248?
48
Calculate the greatest common divisor of 1419 and 5289.
129
Calculate the greatest common factor of 25787 and 321.
107
Calculate the greatest common factor of 8010 and 70020.
90
Calculate the highest common factor of 3075 and 4223.
41
Calculate the greatest common divisor of 2560 and 5504.
128
Calculate the highest common divisor of 1017382 and 17.
17
Calculate the highest common factor of 1 and 64733.
1
Calculate the greatest common divisor of 35 and 65845.
5
What is the highest common divisor of 179865 and 126?
63
Calculate the highest common divisor of 148910 and 40.
10
Calculate the highest common factor of 539 and 189101.
11
Calculate the highest common divisor of 43275 and 225.
75
What is the highest common factor of 14 and 455?
7
Calculate the greatest common divisor of 63268 and 144.
4
What is the greatest common factor of 7005 and 304017?
1401
What is the highest common factor of 403110 and 360?
90
What is the greatest common divisor of 24950 and 20?
10
Calculate the highest common divisor of 45 and 177615.
45
What is the greatest common factor of 23340 and 36?
12
What is the highest common divisor of 43384 and 34771?
319
Calculate the greatest common divisor of 7410 and 109174.
494
What is the greatest common divisor of 36825 and 16203?
1473
What is the greatest common divisor of 270 and 1230?
30
Calculate the highest common divisor of 555 and 1245.
15
What is the highest common divisor of 169065 and 11700?
585
What is the highest common divisor of 26 and 153335?
13
What is the greatest common divisor of 880 and 2123616?
176
Calculate the highest common divisor of 1417 and 24401.
13
Calculate the greatest common divisor of 2313 and 702.
9
What is the greatest common divisor of 1610 and 90206?
46
What is the greatest common factor of 60 and 120255?
15
Calculate the highest common factor of 54 and 4264.
2
What is the highest common factor of 12223694 and 7?
7
What is the highest common factor of 1304 and 373270?
326
Calculate the greatest common divisor of 52997 and 3283.
469
What is the highest common divisor of 12306 and 1638?
42
What is the greatest common divisor of 15345 and 2852?
31
What is the highest common